{"id":97,"date":"2020-02-09T19:46:16","date_gmt":"2020-02-09T19:46:16","guid":{"rendered":"https:\/\/aebemposta.com\/?page_id=33"},"modified":"2024-08-15T11:33:13","modified_gmt":"2024-08-15T11:33:13","slug":"o-agrupamento","status":"publish","type":"page","link":"https:\/\/aebemposta.com\/?page_id=97","title":{"rendered":"O Agrupamento"},"content":{"rendered":"<p>O Agrupamento de Escolas da Bemposta (AEB) foi fundado no ano letivo de 2010\/2011 e abrange o espa\u00e7o geogr\u00e1fico das freguesias de Alvor, Mexilhoeira Grande e Portim\u00e3o, pertencentes ao concelho de Portim\u00e3o.<\/p>\n<p>\u00c9 constitu\u00eddo por onze unidades org\u00e2nicas, nomeadamente, cinco Jardins de Inf\u00e2ncia, tr\u00eas escolas do 1\u00ba Ciclo, duas escolas B\u00e1sicas do 2\u00ba e 3\u00ba Ciclos e uma escola B\u00e1sica e Secund\u00e1ria. Fazem, pois, parte do Agrupamento de Escolas da Bemposta:<\/p>\n<ul>\n<li>EBS da Bemposta (escola-sede);<\/li>\n<li>EB D. Jo\u00e3o II \u2013 Alvor<\/li>\n<li>EB Jos\u00e9 Sobral (Integrada)<\/li>\n<li>EB\/JI de Alvor;<\/li>\n<li>EB Montes de Alvor;<\/li>\n<li>Jardim de Inf\u00e2ncia dos Montes de Alvor;<\/li>\n<li>Jardim de Inf\u00e2ncia da Mexilhoeira Grande;<\/li>\n<li>Jardim de Inf\u00e2ncia da Figueira;<\/li>\n<li>Jardim de Inf\u00e2ncia das Quatro Estradas.<\/li>\n<\/ul>\n<p>Faz ainda parte do Agrupamento de Escolas da Bemposta a EB da Figueira, a qual se encontra com funcionamento suspenso.<\/p>\n<!-- MetaSlider 5083 not found -->\n","protected":false},"excerpt":{"rendered":"<p>O Agrupamento de Escolas da Bemposta (AEB) foi fundado no ano letivo de 2010\/2011 e abrange o espa\u00e7o geogr\u00e1fico das freguesias de Alvor, Mexilhoeira Grande e Portim\u00e3o, pertencentes ao concelho de Portim\u00e3o. \u00c9 constitu\u00eddo por onze unidades org\u00e2nicas, nomeadamente, cinco Jardins de Inf\u00e2ncia, tr\u00eas escolas do 1\u00ba Ciclo, duas escolas B\u00e1sicas do 2\u00ba e 3\u00ba &#8230; <a title=\"O Agrupamento\" class=\"read-more\" href=\"https:\/\/aebemposta.com\/?page_id=97\" aria-label=\"Leia mais sobre O Agrupamento\">Ler mais<\/a><\/p>\n","protected":false},"author":2,"featured_media":0,"parent":0,"menu_order":0,"comment_status":"open","ping_status":"open","template":"","meta":{"inline_featured_image":false,"_uag_custom_page_level_css":"","footnotes":""},"class_list":["post-97","page","type-page","status-publish"],"uagb_featured_image_src":{"full":false,"thumbnail":false,"medium":false,"medium_large":false,"large":false,"1536x1536":false,"2048x2048":false},"uagb_author_info":{"display_name":"Roberto Vieira","author_link":"https:\/\/aebemposta.com\/?author=2"},"uagb_comment_info":0,"uagb_excerpt":"O Agrupamento de Escolas da Bemposta (AEB) foi fundado no ano letivo de 2010\/2011 e abrange o espa\u00e7o geogr\u00e1fico das freguesias de Alvor, Mexilhoeira Grande e Portim\u00e3o, pertencentes ao concelho de Portim\u00e3o. \u00c9 constitu\u00eddo por onze unidades org\u00e2nicas, nomeadamente, cinco Jardins de Inf\u00e2ncia, tr\u00eas escolas do 1\u00ba Ciclo, duas escolas B\u00e1sicas do 2\u00ba e 3\u00ba&hellip;","_links":{"self":[{"href":"https:\/\/aebemposta.com\/index.php?rest_route=\/wp\/v2\/pages\/97","targetHints":{"allow":["GET"]}}],"collection":[{"href":"https:\/\/aebemposta.com\/index.php?rest_route=\/wp\/v2\/pages"}],"about":[{"href":"https:\/\/aebemposta.com\/index.php?rest_route=\/wp\/v2\/types\/page"}],"author":[{"embeddable":true,"href":"https:\/\/aebemposta.com\/index.php?rest_route=\/wp\/v2\/users\/2"}],"replies":[{"embeddable":true,"href":"https:\/\/aebemposta.com\/index.php?rest_route=%2Fwp%2Fv2%2Fcomments&post=97"}],"version-history":[{"count":3,"href":"https:\/\/aebemposta.com\/index.php?rest_route=\/wp\/v2\/pages\/97\/revisions"}],"predecessor-version":[{"id":5087,"href":"https:\/\/aebemposta.com\/index.php?rest_route=\/wp\/v2\/pages\/97\/revisions\/5087"}],"wp:attachment":[{"href":"https:\/\/aebemposta.com\/index.php?rest_route=%2Fwp%2Fv2%2Fmedia&parent=97"}],"curies":[{"name":"wp","href":"https:\/\/api.w.org\/{rel}","templated":true}]}}

<p>O Agrupamento de Escolas da Bemposta (AEB) foi fundado no ano letivo de 2010/2011 e abrange o espaço geográfico das freguesias de Alvor, Mexilhoeira Grande e Portimão, pertencentes ao concelho de Portimão.</p>
<p>É constituído por onze unidades orgânicas, nomeadamente, cinco Jardins de Infância, três escolas do 1º Ciclo, duas escolas Básicas do 2º e 3º Ciclos e uma escola Básica e Secundária. Fazem, pois, parte do Agrupamento de Escolas da Bemposta:</p>
<ul>
<li>EBS da Bemposta (escola-sede);</li>
<li>EB D. João II – Alvor</li>
<li>EB José Sobral (Integrada)</li>
<li>EB/JI de Alvor;</li>
<li>EB Montes de Alvor;</li>
<li>Jardim de Infância dos Montes de Alvor;</li>
<li>Jardim de Infância da Mexilhoeira Grande;</li>
<li>Jardim de Infância da Figueira;</li>
<li>Jardim de Infância das Quatro Estradas.</li>
</ul>
<p>Faz ainda parte do Agrupamento de Escolas da Bemposta a EB da Figueira, a qual se encontra com funcionamento suspenso.</p>
<!-- MetaSlider 5083 not found -->

<p>O Agrupamento de Escolas da Bemposta (AEB) foi fundado no ano letivo de 2010/2011 e abrange o espaço geográfico das freguesias de Alvor, Mexilhoeira Grande e Portimão, pertencentes ao concelho de Portimão. É constituído por onze unidades orgânicas, nomeadamente, cinco Jardins de Infância, três escolas do 1º Ciclo, duas escolas Básicas do 2º e 3º &#8230; <a title="O Agrupamento" class="read-more" href="https://aebemposta.com/?page_id=97" aria-label="Leia mais sobre O Agrupamento">Ler mais</a></p>

O Agrupamento de Escolas da Bemposta (AEB) foi fundado no ano letivo de 2010/2011 e abrange o espaço geográfico das freguesias de Alvor, Mexilhoeira Grande e Portimão, pertencentes ao concelho de Portimão. É constituído por onze unidades orgânicas, nomeadamente, cinco Jardins de Infância, três escolas do 1º Ciclo, duas escolas Básicas do 2º e 3º&hellip;
