{"id":4392,"date":"2023-11-03T11:53:06","date_gmt":"2023-11-03T11:53:06","guid":{"rendered":"https:\/\/aebemposta.com\/?page_id=4392"},"modified":"2025-10-30T10:47:10","modified_gmt":"2025-10-30T10:47:10","slug":"departamento-de-matematica-e-ciencias-experimentais","status":"publish","type":"page","link":"https:\/\/aebemposta.com\/?page_id=4392","title":{"rendered":"Departamento de Matem\u00e1tica e Ci\u00eancias Experimentais"},"content":{"rendered":"<p><strong>Ci\u00eancias Naturais<\/strong><\/p>\n<ul>\n<li>2\u00ba Ciclo &#8211; <a href=\"https:\/\/aebemposta.com\/wp-content\/uploads\/2025\/10\/Criterios_Avaliacao_CN-2o-Ciclo_25_26_Alteracao-16-out.pdf\">Consultar<\/a><\/li>\n<\/ul>\n<p>Ci\u00eancias Naturais (3\u00ba Ciclo), Biologia e Geologia, Biologia, F\u00edsico-Qu\u00edmica, F\u00edsica e Qu\u00edmica A, F\u00edsica &#8211; <a href=\"https:\/\/aebemposta.com\/wp-content\/uploads\/2025\/10\/CRITERIOS_Avaliacao_520_510_25_26.docx.pdf\">Consultar<\/a><\/p>\n<p><strong>Matem\u00e1tica<\/strong><\/p>\n<ul>\n<li>2\u00ba Ciclo &#8211; <a href=\"https:\/\/aebemposta.com\/wp-content\/uploads\/2025\/10\/Criterios_Avaliacao_MAT-2o-Ciclo_25_26_Alteracao-16-out.pdf\">Consultar<\/a><\/li>\n<li>3\u00ba Ciclo &#8211; <a href=\"https:\/\/aebemposta.com\/wp-content\/uploads\/2025\/10\/Criterios-de-Avaliacao_Matematica-3o-Ciclo_2526.pdf\">Consultar<\/a><\/li>\n<li>MACS (10\u00ba) e Matem\u00e1tica B (11\u00ba) &#8211; <a href=\"https:\/\/aebemposta.com\/wp-content\/uploads\/2025\/10\/Criterios-de-Avaliacao_Matematica-B-11o-ano_MACS-10o_2526.pdf\">Consultar<\/a><\/li>\n<li>MACS (11\u00ba) &#8211; <a href=\"https:\/\/aebemposta.com\/wp-content\/uploads\/2025\/10\/Criterios-de-Avaliacao_MACS-11o-ano_2526.pdf\">Consultar<\/a><\/li>\n<li>Matem\u00e1tica A\u00a0 &#8211; <a href=\"https:\/\/aebemposta.com\/wp-content\/uploads\/2025\/10\/Criterios-de-Avaliacao_Matematica_A_-10o-_11o-_12o_anos_2526.pdf\">Consultar<\/a><\/li>\n<li>Matem\u00e1tica (Cursos Profissionais) &#8211; <a href=\"https:\/\/aebemposta.com\/wp-content\/uploads\/2025\/10\/Criterios-de-Avaliacao_Matematica_Profissional-10o_11o_12o-anos_2526.pdf\">Consultar<\/a><\/li>\n<\/ul>\n<p>&nbsp;<\/p>\n<p>&nbsp;<\/p>\n<p>&nbsp;<\/p>\n","protected":false},"excerpt":{"rendered":"<p>Ci\u00eancias Naturais 2\u00ba Ciclo &#8211; Consultar Ci\u00eancias Naturais (3\u00ba Ciclo), Biologia e Geologia, Biologia, F\u00edsico-Qu\u00edmica, F\u00edsica e Qu\u00edmica A, F\u00edsica &#8211; Consultar Matem\u00e1tica 2\u00ba Ciclo &#8211; Consultar 3\u00ba Ciclo &#8211; Consultar MACS (10\u00ba) e Matem\u00e1tica B (11\u00ba) &#8211; Consultar MACS (11\u00ba) &#8211; Consultar Matem\u00e1tica A\u00a0 &#8211; Consultar Matem\u00e1tica (Cursos Profissionais) &#8211; Consultar &nbsp; &nbsp; &nbsp;<\/p>\n","protected":false},"author":2,"featured_media":0,"parent":4457,"menu_order":0,"comment_status":"closed","ping_status":"closed","template":"","meta":{"inline_featured_image":false,"_uag_custom_page_level_css":"","footnotes":""},"class_list":["post-4392","page","type-page","status-publish"],"uagb_featured_image_src":{"full":false,"thumbnail":false,"medium":false,"medium_large":false,"large":false,"1536x1536":false,"2048x2048":false},"uagb_author_info":{"display_name":"Roberto Vieira","author_link":"https:\/\/aebemposta.com\/?author=2"},"uagb_comment_info":0,"uagb_excerpt":"Ci\u00eancias Naturais 2\u00ba Ciclo &#8211; Consultar Ci\u00eancias Naturais (3\u00ba Ciclo), Biologia e Geologia, Biologia, F\u00edsico-Qu\u00edmica, F\u00edsica e Qu\u00edmica A, F\u00edsica &#8211; Consultar Matem\u00e1tica 2\u00ba Ciclo &#8211; Consultar 3\u00ba Ciclo &#8211; Consultar MACS (10\u00ba) e Matem\u00e1tica B (11\u00ba) &#8211; Consultar MACS (11\u00ba) &#8211; Consultar Matem\u00e1tica A\u00a0 &#8211; Consultar Matem\u00e1tica (Cursos Profissionais) &#8211; Consultar &nbsp; &nbsp; &nbsp;","_links":{"self":[{"href":"https:\/\/aebemposta.com\/index.php?rest_route=\/wp\/v2\/pages\/4392","targetHints":{"allow":["GET"]}}],"collection":[{"href":"https:\/\/aebemposta.com\/index.php?rest_route=\/wp\/v2\/pages"}],"about":[{"href":"https:\/\/aebemposta.com\/index.php?rest_route=\/wp\/v2\/types\/page"}],"author":[{"embeddable":true,"href":"https:\/\/aebemposta.com\/index.php?rest_route=\/wp\/v2\/users\/2"}],"replies":[{"embeddable":true,"href":"https:\/\/aebemposta.com\/index.php?rest_route=%2Fwp%2Fv2%2Fcomments&post=4392"}],"version-history":[{"count":7,"href":"https:\/\/aebemposta.com\/index.php?rest_route=\/wp\/v2\/pages\/4392\/revisions"}],"predecessor-version":[{"id":6064,"href":"https:\/\/aebemposta.com\/index.php?rest_route=\/wp\/v2\/pages\/4392\/revisions\/6064"}],"up":[{"embeddable":true,"href":"https:\/\/aebemposta.com\/index.php?rest_route=\/wp\/v2\/pages\/4457"}],"wp:attachment":[{"href":"https:\/\/aebemposta.com\/index.php?rest_route=%2Fwp%2Fv2%2Fmedia&parent=4392"}],"curies":[{"name":"wp","href":"https:\/\/api.w.org\/{rel}","templated":true}]}}