{"id":161,"date":"2020-02-10T13:31:01","date_gmt":"2020-02-10T13:31:01","guid":{"rendered":"https:\/\/aebemposta.com\/?page_id=161"},"modified":"2026-04-29T15:52:16","modified_gmt":"2026-04-29T15:52:16","slug":"direcao","status":"publish","type":"page","link":"https:\/\/aebemposta.com\/?page_id=161","title":{"rendered":"Dire\u00e7\u00e3o"},"content":{"rendered":"<p><strong><span style=\"color: #000080;\">Diretora &#8211; <\/span><\/strong>Sandra Isabel Amaro de Sousa Tenil<\/p>\n<p><span style=\"color: #000080;\"><strong>Subdiretor &#8211; <\/strong><\/span>Roberto Alexandre Silva Vieira<\/p>\n<p><span style=\"color: #000080;\"><strong>Adjunto &#8211; <\/strong><\/span>Jo\u00e3o Pedro Gon\u00e7alves Rodrigues<\/p>\n<p><span style=\"color: #000080;\"><strong>Adjunto &#8211; <\/strong><\/span>Rui Pedro dos Reis Filipe<\/p>\n<p><strong><span style=\"color: #000080;\">Coordenadora (EB Jos\u00e9 Sobral) &#8211; <\/span><\/strong>C\u00e9lia Maria Batista Pereira<\/p>\n<p><strong><span style=\"color: #000080;\">Coordenador (EB D. Jo\u00e3o II &#8211; Alvor) &#8211; <\/span><\/strong>Pedro Miguel do Cabo Barnab\u00e9<\/p>\n<p><span style=\"color: #000080;\"><strong>Coordenadora (EB\/JI Alvor) &#8211; <\/strong><\/span>Carla Viana<\/p>\n<p><span style=\"color: #000080;\"><strong>Coordenador (EB Montes de Alvor) &#8211; <\/strong><\/span>Fernando Manuel Sampaio Sim\u00f5es<\/p>\n\n\n<p><\/p>\n","protected":false},"excerpt":{"rendered":"<p>Diretora &#8211; Sandra Isabel Amaro de Sousa Tenil Subdiretor &#8211; Roberto Alexandre Silva Vieira Adjunto &#8211; Jo\u00e3o Pedro Gon\u00e7alves Rodrigues Adjunto &#8211; Rui Pedro dos Reis Filipe Coordenadora (EB Jos\u00e9 Sobral) &#8211; C\u00e9lia Maria Batista Pereira Coordenador (EB D. Jo\u00e3o II &#8211; Alvor) &#8211; Pedro Miguel do Cabo Barnab\u00e9 Coordenadora (EB\/JI Alvor) &#8211; Carla Viana &#8230; <a title=\"Dire\u00e7\u00e3o\" class=\"read-more\" href=\"https:\/\/aebemposta.com\/?page_id=161\" aria-label=\"Leia mais sobre Dire\u00e7\u00e3o\">Ler mais<\/a><\/p>\n","protected":false},"author":2,"featured_media":0,"parent":0,"menu_order":0,"comment_status":"closed","ping_status":"open","template":"","meta":{"inline_featured_image":false,"_uag_custom_page_level_css":"","footnotes":""},"class_list":["post-161","page","type-page","status-publish"],"uagb_featured_image_src":{"full":false,"thumbnail":false,"medium":false,"medium_large":false,"large":false,"1536x1536":false,"2048x2048":false},"uagb_author_info":{"display_name":"Roberto Vieira","author_link":"https:\/\/aebemposta.com\/?author=2"},"uagb_comment_info":0,"uagb_excerpt":"Diretora &#8211; Sandra Isabel Amaro de Sousa Tenil Subdiretor &#8211; Roberto Alexandre Silva Vieira Adjunto &#8211; Jo\u00e3o Pedro Gon\u00e7alves Rodrigues Adjunto &#8211; Rui Pedro dos Reis Filipe Coordenadora (EB Jos\u00e9 Sobral) &#8211; C\u00e9lia Maria Batista Pereira Coordenador (EB D. Jo\u00e3o II &#8211; Alvor) &#8211; Pedro Miguel do Cabo Barnab\u00e9 Coordenadora (EB\/JI Alvor) &#8211; Carla Viana&hellip;","_links":{"self":[{"href":"https:\/\/aebemposta.com\/index.php?rest_route=\/wp\/v2\/pages\/161","targetHints":{"allow":["GET"]}}],"collection":[{"href":"https:\/\/aebemposta.com\/index.php?rest_route=\/wp\/v2\/pages"}],"about":[{"href":"https:\/\/aebemposta.com\/index.php?rest_route=\/wp\/v2\/types\/page"}],"author":[{"embeddable":true,"href":"https:\/\/aebemposta.com\/index.php?rest_route=\/wp\/v2\/users\/2"}],"replies":[{"embeddable":true,"href":"https:\/\/aebemposta.com\/index.php?rest_route=%2Fwp%2Fv2%2Fcomments&post=161"}],"version-history":[{"count":4,"href":"https:\/\/aebemposta.com\/index.php?rest_route=\/wp\/v2\/pages\/161\/revisions"}],"predecessor-version":[{"id":6324,"href":"https:\/\/aebemposta.com\/index.php?rest_route=\/wp\/v2\/pages\/161\/revisions\/6324"}],"wp:attachment":[{"href":"https:\/\/aebemposta.com\/index.php?rest_route=%2Fwp%2Fv2%2Fmedia&parent=161"}],"curies":[{"name":"wp","href":"https:\/\/api.w.org\/{rel}","templated":true}]}}

Direção

<p><strong><span style="color: #000080;">Diretora &#8211; </span></strong>Sandra Isabel Amaro de Sousa Tenil</p>
<p><span style="color: #000080;"><strong>Subdiretor &#8211; </strong></span>Roberto Alexandre Silva Vieira</p>
<p><span style="color: #000080;"><strong>Adjunto &#8211; </strong></span>João Pedro Gonçalves Rodrigues</p>
<p><span style="color: #000080;"><strong>Adjunto &#8211; </strong></span>Rui Pedro dos Reis Filipe</p>
<p><strong><span style="color: #000080;">Coordenadora (EB José Sobral) &#8211; </span></strong>Célia Maria Batista Pereira</p>
<p><strong><span style="color: #000080;">Coordenador (EB D. João II &#8211; Alvor) &#8211; </span></strong>Pedro Miguel do Cabo Barnabé</p>
<p><span style="color: #000080;"><strong>Coordenadora (EB/JI Alvor) &#8211; </strong></span>Carla Viana</p>
<p><span style="color: #000080;"><strong>Coordenador (EB Montes de Alvor) &#8211; </strong></span>Fernando Manuel Sampaio Simões</p>


<p></p>

<p>Diretora &#8211; Sandra Isabel Amaro de Sousa Tenil Subdiretor &#8211; Roberto Alexandre Silva Vieira Adjunto &#8211; João Pedro Gonçalves Rodrigues Adjunto &#8211; Rui Pedro dos Reis Filipe Coordenadora (EB José Sobral) &#8211; Célia Maria Batista Pereira Coordenador (EB D. João II &#8211; Alvor) &#8211; Pedro Miguel do Cabo Barnabé Coordenadora (EB/JI Alvor) &#8211; Carla Viana &#8230; <a title="Direção" class="read-more" href="https://aebemposta.com/?page_id=161" aria-label="Leia mais sobre Direção">Ler mais</a></p>

Diretora &#8211; Sandra Isabel Amaro de Sousa Tenil Subdiretor &#8211; Roberto Alexandre Silva Vieira Adjunto &#8211; João Pedro Gonçalves Rodrigues Adjunto &#8211; Rui Pedro dos Reis Filipe Coordenadora (EB José Sobral) &#8211; Célia Maria Batista Pereira Coordenador (EB D. João II &#8211; Alvor) &#8211; Pedro Miguel do Cabo Barnabé Coordenadora (EB/JI Alvor) &#8211; Carla Viana&hellip;
