{"id":1162,"date":"2021-01-21T16:22:49","date_gmt":"2021-01-21T16:22:49","guid":{"rendered":"https:\/\/aebemposta.com\/?page_id=1162"},"modified":"2021-01-21T16:22:49","modified_gmt":"2021-01-21T16:22:49","slug":"projetos","status":"publish","type":"page","link":"https:\/\/aebemposta.com\/?page_id=1162","title":{"rendered":"Projetos"},"content":{"rendered":"<h1>Pr\u00e9mio Gandhi (DGE) &#8211; Vota\u00e7\u00e3o Online das Candidaturas<\/h1>\n<div><span style=\"font-family: arial, sans-serif;\">O per\u00edodo para vota\u00e7\u00e3o <i>online\u00a0<\/i>das candidaturas, entre as quais est\u00e1 a do Agrupamento de Escolas da Bemposta, decorre at\u00e9 <u><b>28 de junho de 2021:<\/b><\/u><\/span><\/div>\n<div><span style=\"font-family: arial, sans-serif;\">\u00a0<\/span><\/div>\n<div><span style=\"font-family: arial, sans-serif;\"><b><span style=\"color: #0000ff;\"><a href=\"https:\/\/premiogandhi.dge.mec.pt\/\" target=\"_blank\" rel=\"noopener noreferrer\" data-saferedirecturl=\"https:\/\/www.google.com\/url?q=https:\/\/premiogandhi.dge.mec.pt\/&amp;source=gmail&amp;ust=1624557437107000&amp;usg=AFQjCNHrEgRdCBM-Sk6J5Ds_Ew1yxNcb_w\">https:\/\/premiogandhi.dge.mec.<wbr \/>pt\/<\/a><\/span><\/b><\/span><\/div>\n<div><\/div>\n<div><img loading=\"lazy\" decoding=\"async\" class=\"alignnone\" src=\"https:\/\/premiogandhi.dge.mec.pt\/themes\/custom\/website\/img\/gandhi-premio-mobile.jpg\" alt=\"PROJETOS A VOTA\u00c7\u00c3O | Pr\u00e9mio Gandhi\" width=\"275\" height=\"225\" \/><\/div>\n","protected":false},"excerpt":{"rendered":"<p>Pr\u00e9mio Gandhi (DGE) &#8211; Vota\u00e7\u00e3o Online das Candidaturas O per\u00edodo para vota\u00e7\u00e3o online\u00a0das candidaturas, entre as quais est\u00e1 a do Agrupamento de Escolas da Bemposta, decorre at\u00e9 28 de junho de 2021: \u00a0 https:\/\/premiogandhi.dge.mec.pt\/<\/p>\n","protected":false},"author":2,"featured_media":0,"parent":0,"menu_order":0,"comment_status":"closed","ping_status":"closed","template":"","meta":{"inline_featured_image":false,"_uag_custom_page_level_css":"","footnotes":""},"class_list":["post-1162","page","type-page","status-publish"],"uagb_featured_image_src":{"full":false,"thumbnail":false,"medium":false,"medium_large":false,"large":false,"1536x1536":false,"2048x2048":false},"uagb_author_info":{"display_name":"Roberto Vieira","author_link":"https:\/\/aebemposta.com\/?author=2"},"uagb_comment_info":0,"uagb_excerpt":"Pr\u00e9mio Gandhi (DGE) &#8211; Vota\u00e7\u00e3o Online das Candidaturas O per\u00edodo para vota\u00e7\u00e3o online\u00a0das candidaturas, entre as quais est\u00e1 a do Agrupamento de Escolas da Bemposta, decorre at\u00e9 28 de junho de 2021: \u00a0 https:\/\/premiogandhi.dge.mec.pt\/","_links":{"self":[{"href":"https:\/\/aebemposta.com\/index.php?rest_route=\/wp\/v2\/pages\/1162","targetHints":{"allow":["GET"]}}],"collection":[{"href":"https:\/\/aebemposta.com\/index.php?rest_route=\/wp\/v2\/pages"}],"about":[{"href":"https:\/\/aebemposta.com\/index.php?rest_route=\/wp\/v2\/types\/page"}],"author":[{"embeddable":true,"href":"https:\/\/aebemposta.com\/index.php?rest_route=\/wp\/v2\/users\/2"}],"replies":[{"embeddable":true,"href":"https:\/\/aebemposta.com\/index.php?rest_route=%2Fwp%2Fv2%2Fcomments&post=1162"}],"version-history":[{"count":0,"href":"https:\/\/aebemposta.com\/index.php?rest_route=\/wp\/v2\/pages\/1162\/revisions"}],"wp:attachment":[{"href":"https:\/\/aebemposta.com\/index.php?rest_route=%2Fwp%2Fv2%2Fmedia&parent=1162"}],"curies":[{"name":"wp","href":"https:\/\/api.w.org\/{rel}","templated":true}]}}